8.
-2
Convert -2 (base 4) to base 5.
-2
3 (base 6) to base 2
11
Convert 431 (base 6) to base 4.
2203
-316 (base 7) to base 13
-c4
What is -100 (base 4) in base 9?
-17
What is -101 (base 4) in base 10?
-17
-48 (base 16) to base 15
-4c
What is 26 (base 11) in base 10?
28
Convert 23 (base 5) to base 3.
111
What is 38 (base 14) in base 8?
62
What is 3 (base 13) in base 8?
3
What is 401 (base 6) in base 3?
12101
Convert 100011 (base 3) to base 11.
205
2 (base 6) to base 16
2
What is -41 (base 13) in base 3?
-1222
What is -51 (base 16) in base 10?
-81
22 (base 10) to base 3
211
2 (base 4) to base 16
2
-73 (base 12) to base 2
-1010111
Convert 2 (base 13) to base 16.
2
-3 (base 9) to base 6
-3
What is -11000111 (base 2) in base 7?
-403
Convert -4 (base 14) to base 7.
-4
Convert -14 (base 5) to base 14.
-9
0 (base 13) to base 4
0
What is 25 (base 14) in base 9?
36
-14 (base 12) to base 13
-13
What is 7d (base 16) in base 12?
a5
What is 3 (base 15) in base 14?
3
What is -4 (base 11) in base 13?
-4
Convert 0 (base 5) to base 12.
0
Convert 100 (base 3) to base 13.
9
Convert -105 (base 6) to base 4.
-221
Convert 10d (base 14) to base 15.
de
1b (base 12) to base 5
43
-15 (base 15) to base 7
-26
1a (base 16) to base 4
122
-22 (base 3) to base 6
-12
What is 1 (base 3) in base 7?
1
What is 18b (base 13) in base 6?
1152
Convert -10 (base 2) to base 4.
-2
-7 (base 13) to base 6
-11
What is -333 (base 4) in base 14?
-47
Convert -2 (base 14) to base 8.
-2
Convert -1 (base 5) to base 15.
-1
Convert 11a (base 16) to base 13.
189
46 (base 15) to base 3
2110
38 (base 10) to base 5
123
Convert 61 (base 10) to base 13.
49
100 (base 2) to base 14
4
6 (base 7) to base 10
6
21 (base 14) to base 13
23
Convert 2b (base 15) to base 8.
51
-1210 (base 3) to base 14
-36
What is 3d (base 16) in base 4?
331
Convert -1 (base 5) to base 8.
-1
Convert 1200 (base 4) to base 5.
341
1 (base 12) to base 9
1
Convert -30 (base 12) to base 10.
-36
17 (base 16) to base 12
1b
221 (base 3) to base 7
34
Convert 104 (base 5) to base 14.
21
What is 2 (base 3) in base 16?
2
1 (base 10) to base 4
1
Convert 4 (base 5) to base 16.
4
Convert -132 (base 4) to base 2.
-11110
What is 10 (base 15) in base 14?
11
Convert -12 (base 8) to base 15.
-a
Convert be (base 16) to base 14.
d8
Convert -66 (base 16) to base 13.
-7b
Convert -201 (base 3) to base 5.
-34
Convert 20 (base 10) to base 14.
16
What is 1b (base 13) in base 9?
26
What is 3 (base 8) in base 11?
3
What is 50 (base 6) in base 16?
1e
What is 110 (base 2) in base 15?
6
Convert 21 (base 14) to base 5.
104
-2 (base 13) to base 7
-2
14 (base 5) to base 11
9
Convert 1011110 (base 2) to base 5.
334
-2 (base 16) to base 4
-2
Convert -6 (base 13) to base 7.
-6
What is d (base 16) in base 10?
13
What is -12 (base 12) in base 8?
-16
156 (base 11) to base 2
10110110
Convert 13 (base 8) to base 15.
b
31 (base 8) to base 7
34
What is -107 (base 12) in base 5?
-1101
Convert 8 (base 14) to base 12.
8
22 (base 4) to base 5
20
What is 1 (base 2) in base 8?
1
What is a2 (base 16) in base 8?
242
What is 21 (base 3) in base 5?
12
Convert -10 (base 3) to base 2.
-11
Convert -67 (base 12) to base 6.
-211
What is -25 (base 13) in base 5?
-111
Convert 2002 (base 3) to base 12.
48
What is 1000 (base 6) in base 5?
1331
-6 (base 14) to base 8
-6
Convert -23 (base 8) to base 10.
-19
What is 2 (base 14) in base 9?
2
121 (base 5) to base 2
100100
What is 3 (base 16) in base 10?
3
What is 4 (base 7) in base 4?
10
What is -6 (base 10) in base 3?
-20
Convert 1 (base 4) to base 7.
1
What is -2 (base 6) in base 10?
-2
2 (base 10) to base 11
2
Convert 0 (base 3) to base 9.
0
34 (base 5) to base 14
15
-11 (base 2) to base 12
-3
Convert d (base 14) to base 4.
31
-26 (base 9) to base 8
-30
Convert 20 (base 8) to base 7.
22
What is -20 (base 6) in base 2?
-1100
What is -93 (base 13) in base 12?
-a0
Convert -80 (base 10) to base 7.
-143
Convert -3 (base 6) to base 3.
-10
Convert -1 (base 15) to base 9.
-1
What is -29 (base 15) in base 16?
-27
Convert 15 (base 9) to base 13.
11
103 (base 5) to base 16
1c
What is -3 (base 14) in base 9?
-3
-14 (base 12) to base 4
-100
What is 53 (base 7) in base 6?
102
What is -10 (base 6) in base 16?
-6
Convert -103 (base 13) to base 2.
-10101100
Convert -1 (base 5) to base 3.
-1
Convert 1 (base 7) to base 15.
1
-267 (base 8) to base 15
-c3
What is -19a (base 13) in base 3?
-101222
What is -20102 (base 3) in base 14?
-c5
What is 5 (base 9) in base 8?
5
Convert -102 (base 3) to base 7.
-14
What is 0 (base 3) in base 12?
0
What is d1 (base 16) in base 15?
de
Convert -634 (base 7) to base 11.
-270
Convert -10 (base 15) to base 7.
-21
-66 (base 12) to base 3
-2220
Convert -5 (base 16) to base 8.
-5
What is -6 (base 16) in base 12?
-6
What is -20000 (base 3) in base 11?
-138
Convert 100 (base 2) to base 9.
4
-415 (base 8) to base 13
-179
What is -15 (base 8) in base 12?
-11
What is -46 (base 8) in base 5?
-123
Convert -110100 (base 2) to base 13.
-40
Convert 17 (base 8) to base 2.
1111
What is -9c (base 14) in base 11?
-116
What is -44 (base 6) in base 12?
-24
4 (base 15) to base 8
4
-1 (base 16) to base 12
-1
Convert b8 (base 14) to base 15.
ac
Convert 15 (base 14) to base 3.
201
-200 (base 8) to base 9
-152
What is 25 (base 8) in base 10?
21
What is -7 (base 9) in base 2?
-111
What is 0 (base 13) in base 10?
0
-51 (base 16) to base 11
-74
What is -6 (base 13) in base 12?
-6
-2 (base 13) to base 11
-2
What is 4 (base 14) in base 10?
4
What is 11120 (base 3) in base 13?
96
What is 0 (base 14) in base 15?
0
110000 (base 2) to base 16
30
-90 (base 14) to base 16
-7e
-1 (base 14) to base 5
-1
-4 (base 14) to base 4
-10
12 (base 9) to base 8
13
Convert 13 (base 4) to base 6.
11
Convert -25 (base 14) to base 12.
-29
114 (base 6) to base 7
64
-1 (base 4) to base 10
-1
-1 (base 9) to base 8
-1
Convert 100 (base 10) to base 11.
91
Convert 0 (base 5) to base 6.
0
Convert -5 (base 6) to base 3.
-12
What is -6 (base 16) in base 8?
-6
4 (base 7) to base 3
11
Convert 403 (base 9) to base 6.
1303
Convert 98 (base 15) to base 10.
143
-5 (base 6) to base 4
-11
-105 (base 9) to base 7
-152
Convert 6 (base 14) to base 11.
6
What is 2 (base 13) in base 10?
2
10101111 (base 2) to base 8
257
Convert -3 (base 9) to base 12.
-3
Convert 12 (base 6) to base 3.
22
-55 (base 6) to base 16
-23
-1100 (base 3) to base 8
-44
-10 (base 4) to base 7
-4
Convert 3 (base 16) to base 13.
3
Convert -3 (base 12) to base 15.
-3
1 (base 10) to base 2
1
Convert -213 (base 4) to base 11.
-36
3 (base 9) to base 8
3
-28 (base 15) to base 11
-35
What is b (base 12) in base 3?
102
Convert -2 (base 15) to base 10.
-2
What is -156 (base 8) in base 2?
-1101110
What is -2022 (base 3) in base 12?
-52
What is -1 (base 2) in base 4?
-1
-3 (base 16) to base 15
-3
-13 (base 4) to base 15
-7
Convert 110101 (base 2) to base 15.
38
-10 (base 8) to base 13
-8
Convert -30 (base 4) to base 16.
-c
What is -76 (base 12) in base 6?
-230
What is -7 (base 15) in base 3?
-21
Convert -1011 (base 3) to base 10.
-31
What is 210 (base 9) in base 16?
ab
What is 104 (base 11) in base 12?
a5
5 (base 9) to base 16
5
Convert -404 (base 7) to base 16.
-c8
-536 (base 7) to base 6
-1132
-36 (base 10) to base 7
-51
What is b6 (base 16) in base 15?
c2
Convert 63 (base 12) to base 14.
55
3 (base 10) to base 3
10
-4b (base 12) to base 6
-135
-26 (base 7) to base 13
-17
Convert 102 (base 4) to base 10.
18
2 (base 4) to base 6
2
24 (base 7) to base 2
10010
1 (base 5) to base 8
1
Convert 3 (base 8) to base 2.
11
What is 1 (base 3) in base 15?
1
Convert -3 (base 12) to base 11.
-3
What is 26 (base 12) in base 10?
30
64 (base 15) to base 4
1132
8 (base 12) to base 9
8
-20 (base 8) to base 12
-14
-22 (base 12) to base 9
-28
8a (base 12) to base 11
97
What is -31 (base 6) in base 8?
-23
Convert 7 (base 9) to base 13.
7
0 (base 8) to base 4
0
Convert -101 (base 4) to base 8.
-21
What is -1111 (base 2) in base 8?
-17
-235 (base 7) to base 14
-8c
Convert -15 (base 7) to base 12.
-10
Convert -73 (base 16) to base 3.
-11021
What is 17 (base 9) in base 14?
12
What is 2 (base 9) in base 6?
2
What is 2102 (base 3) in base 15?
45
What is 20 (base 8) in base 6?
24
Convert 34 (base 5) to base 4.
103
Convert 1b (base 12) to base 8.
27
Convert -b (base 15)